highest common divisor of 6350 and w.
50
Suppose 3*q = -q + 12. Let t(r) = 6 - q - 158*r + 160*r + 11. Let z be t(8). What is the highest common divisor of 6 and z?
6
Let j(o) = 2*o**2 - 12*o + 9. Let a be j(14). Let x be (-4)/(-4)*2 - a/(-1). Let r = -139 + x. What is the greatest common factor of r and 32?
32
Let t(s) = -s**2 - s + 23. Let b be t(0). Let m be (-1 - 482)*42/(-63). Suppose -2*i - m = -4*i. Calculate the highest common divisor of i and b.
23
Let d be (-19082)/(-10) - (-5 - (-104)/20). Suppose -22*y + d - 38 = 0. What is the highest common divisor of y and 34?
17
Let d(z) = -6*z - 1. Let o be d(-1). Let p be 2/(-5) - (-256)/20*-7. Let u be ((-7)/(-3))/(-7)*p/3. Calculate the greatest common divisor of u and o.
5
Let m = 1792 + -1716. Let q be (0 - (-1896)/10) + 8/20. What is the highest common divisor of m and q?
38
Let w be 5595/25 + 174/(-30) + 1 + 5. Calculate the greatest common divisor of w and 736.
32
Suppose -3*j - 104 = -11*j. Let k = 200 - 191. Let f(u) = -u**3 + 8*u**2 + 15*u - 15. Let q be f(k). What is the highest common factor of j and q?
13
Suppose 5*l = -0*h + 2*h + 887, 5*l - 884 = -h. Suppose l - 37 = 28*y. Calculate the greatest common divisor of y and 55.
5
Let y(b) = 21*b**2 - 7*b - 16. Let x be y(-2). Let d = x - 67. What is the greatest common factor of 10 and d?
5
Let c(r) = 113*r + 12. Let a be c(6). Suppose 684*s - a*s + 396 = 0. Calculate the highest common factor of s and 462.
66
Let c = 14 + -15. Let g be ((-8 - -4) + 4)/(c*1). Suppose 2*j = -5*o + 52, g*j + 3*j - 36 = -4*o. Calculate the greatest common divisor of o and 156.
12
Let o = -4820 + 4874. Calculate the highest common divisor of 90 and o.
18
Let f = -27 + 42. Suppose 20*i = 25*i - f. What is the highest common divisor of 30 and i?
3
Let h be 6 - -8*21/(-28). Let t be (-63)/(-2)*(32/12 - h). Calculate the greatest common divisor of t and 24.
12
Suppose -19*u + 5 = -18*u, 5*f - 4*u = 280. Calculate the highest common factor of f and 12756.
12
Let x be (-8616)/(-120) - 2/(-10). Suppose 0 = -c - 64 + x. Let r be 2/1 - (-1 - 3). What is the greatest common divisor of c and r?
2
Suppose -13*j = -60*j + 658. Suppose -22*t + 2*u + j = -21*t, 0 = 4*t + 3*u - 45. What is the highest common divisor of 42 and t?
6
Let a(t) = -9 - 1 + 2*t**2 + 27 - 15*t - 2. Let d be a(7). Calculate the greatest common divisor of d and 136.
8
Let c = 7850 + -3996. What is the highest common factor of 246 and c?
82
Let o(j) = 7*j + 3. Let c be o(0). Suppose 4*g + 2*a = a + 36, -a - 27 = -c*g. Calculate the greatest common divisor of 36 and g.
9
Let a(z) = -z**2 + 22*z - 66. Let o be a(18). Let b = 151 + -97. Calculate the greatest common divisor of o and b.
6
Let i(y) = 7*y + 4. Let j = -422 - -426. Let f be i(j). Calculate the greatest common divisor of 992 and f.
32
Let o be (2 + (0 - 2))/((-10)/(-10)). Suppose -3*s + s + 60 = 4*u, s - 4*u = o. Calculate the highest common factor of 4 and s.
4
Let v be (-5 - -14135)/(40/60). What is the greatest common divisor of v and 30?
15
Let z(v) = -4*v - 6. Let u be z(-4). Suppose 3*p + 579*b = 578*b + 263, 152 = 2*p + 4*b. What is the highest common divisor of p and u?
10
Suppose 118*v = 145*v - 459. Calculate the greatest common factor of 153 and v.
17
Suppose -4*g + 2*o - 5 = -25, -2*g = -3*o - 2. Let w be 4 - g - (-4 + 2 - 3). What is the highest common factor of w and 18?
2
Suppose -9*a = -19*a. Suppose a = -5*c + 3*b + 33, -2*c + 3*b = b - 10. Calculate the greatest common divisor of 225 and c.
9
Let r(t) = 4*t**2 - 12*t + 9. Let k be r(6). Let h = k + -28. What is the greatest common factor of h and 1?
1
Let m = 567 - 431. Calculate the highest common divisor of 24 and m.
8
Let t be -12 + 6/54 + 68/36. Let n(w) = 3*w**3 + 26*w**2 - 42*w + 9. Let p be n(t). What is the highest common divisor of p and 551?
29
Suppose -3*z + 16 = 2*d, -5*z - 41*d + 43*d + 16 = 0. Suppose z*a + 0 = -y + 30, 0 = -y - 2. What is the highest common factor of a and 14?
2
Suppose 30*m = -70*m + 7*m + 108066. Calculate the highest common divisor of 6142 and m.
166
Suppose -3*s + 4*n + 5 + 4 = 0, -4*n = -5*s + 15. Suppose 2*q - 67 = -5*v, q - s - 31 = -2*v. Calculate the greatest common divisor of q and 180.
36
Let r be 10/(-35) - (-69)/21. Suppose -r*y + 3*l = -102, -3*y + 4*l + 98 = -0*y. Calculate the highest common divisor of 266 and y.
38
Let m(n) be the first derivative of n**3/3 - 7*n**2/2 - 2*n - 135. Let r be m(8). Calculate the highest common divisor of 26 and r.
2
Let j(l) = 14*l**2 - 530*l - 38. Let a be j(38). Calculate the highest common divisor of a and 16663.
19
Suppose 20 = 5*w + 5. Suppose -5*y = -2*b - 12 - 20, -3*y - 6 = 3*b. Let r be (54/(-6) + b)*(-16)/10. Calculate the highest common factor of r and w.
3
Suppose -g + 2*n + 144 = 0, -3*n + 4 = 2*g - 312. Calculate the highest common divisor of 7030 and g.
38
Let l be -6 + (-108)/(-45) - -4 - 10266/(-10). Calculate the greatest common divisor of l and 39.
13
Let d = -194 - -217. Suppose -11*a - 288 = -d*a. What is the highest common factor of 40 and a?
8
Let v(k) = 42*k**2 - 10*k + 42. Let z be v(3). Suppose 4*w - z = -26*w. Calculate the greatest common factor of 1 and w.
1
Suppose 3*y - 4*n + 103 - 27 = 0, -5*y = 3*n + 88. Let d = y - -52. Let p = 88 - d. Calculate the greatest common divisor of 8 and p.
8
Let j(v) = -v**2 - 48*v - 150. Let t be j(-44). Suppose -28*g + t*g = 5*z - 1745, z = -4*g + 3499. What is the highest common factor of g and 7?
7
Let m be (135 - -4)/(1/(-13)). Let t be m/(-5) + (-18)/45. What is the greatest common divisor of 19 and t?
19
Let h be (24/(-15))/((-2)/225). Let w = -3998 + 4133. What is the highest common factor of h and w?
45
Let o(v) = 237*v**3 + 2*v**2 - 6*v + 5. Let u be o(1). Let d = 277 - u. Let m = 34 - 8. What is the highest common divisor of m and d?
13
Let r(v) = 35*v**2 - 4*v + 1. Let j be r(3). Suppose -37*o + 591 = -1. What is the highest common factor of j and o?
16
Let x = -3380 + 3994. What is the greatest common divisor of x and 2?
2
Let a(t) = t**2 + 5*t - 21. Let r be a(-12). Let g(z) = z**2 + 2 - 17*z - 5 + 13*z. Let i be g(6). What is the greatest common factor of r and i?
9
Let s = 32 - 18. Let y be (1 + -2 - 2) + -10 + 19. Calculate the greatest common divisor of s and y.
2
Suppose -3*d + 343 = 30*r - 29*r, 0 = -5*d - 3*r + 569. Calculate the highest common factor of d and 736.
23
Let o be 1580/(-6) - (10 + 224/(-24)). Let y = o + 284. What is the highest common divisor of 240 and y?
20
Let o(k) = -k**3 + k - 12. Let n be o(-3). Let t = 14 + -14. Suppose 2*w - 5*i = 51, t*w - 4*w + 4*i + 84 = 0. What is the highest common divisor of w and n?
6
Suppose 2 = -2*z + 6. Suppose -5*y = z*g + 121 - 457, -3*y = -5*g - 214. Calculate the greatest common factor of 102 and y.
34
Let h be 11/3 - (-1)/3. Let u = 52608 - 52596. What is the greatest common divisor of u and h?
4
Let l(h) = -270*h + 1. Let x be l(-2). Let i = x - 481. What is the greatest common divisor of i and 45?
15
Suppose -5*n = r + 18, -n - 5 + 1 = 0. Let b be (-5 + 6)/(r/60). Suppose 0 = -7*s - 1273 + 1343. Calculate the highest common factor of s and b.
10
Suppose -120*c - 1782 = -142*c. What is the greatest common factor of 93 and c?
3
Let q be (516/86)/((33/(-200))/(-11)). What is the greatest common factor of 550 and q?
50
Suppose -5*a + 12046 = 3*v + 2562, 15893 = 5*v - 4*a. Calculate the highest common factor of v and 57.
19
Let z be 126/3*169/39. Suppose 6*j - z = -44. Calculate the highest common factor of 368 and j.
23
Suppose -18 = 4*a + 2, 4*j - 444 = -4*a. Let l be -4*(-3 + j/(-16)). Calculate the greatest common factor of 123 and l.
41
Suppose 1277*v = 1249*v + 336. What is the greatest common divisor of v and 4020?
12
Suppose -c = 5*w - 125, 20*w + 25 = 21*w - 3*c. What is the greatest common divisor of w and 565?
5
Suppose -672*l - 2786 - 4334 = -688*l. What is the highest common divisor of l and 40?
5
Suppose -23*v = 4*o - 26*v - 257, -5*o - 4*v + 298 = 0. What is the highest common factor of 18 and o?
2
Suppose -4*r + 23 = -9. Suppose 484 = 3*v + 2*i + 103, -v - 3*i = -134. Let w = 133 - v. Calculate the greatest common factor of r and w.
8
Let q(v) = v**3 + 13*v**2 - v + 2. Let g(w) = 3*w**2 - 29*w - 23. Let c be g(10). Let d be q(c). Calcula